{"id":315,"date":"2024-05-21T12:43:55","date_gmt":"2024-05-21T10:43:55","guid":{"rendered":"https:\/\/crazydogtattoo.com\/?page_id=315"},"modified":"2024-08-28T12:42:11","modified_gmt":"2024-08-28T10:42:11","slug":"pflegehinweise","status":"publish","type":"page","link":"https:\/\/crazydogtattoo.com\/index.php\/pflegehinweise\/","title":{"rendered":"Pflegehinweise"},"content":{"rendered":"\n<h1 class=\"wp-block-heading has-text-align-center\">Pflegehinweise<\/h1>\n\n\n\n<ul class=\"wp-block-list\">\n<li>Nach dem T\u00e4towieren packe ich Dein frisches Tattoo mit Folie ein. Die Folie machst Du am Abend wieder vorsichtig ab und w\u00e4schst das Tattoo <strong>OHNE<\/strong> Seife mit warmen Wasser ab.<\/li>\n<\/ul>\n\n\n\n<ul class=\"wp-block-list\">\n<li>Du kannst Dein Tattoo so oft wie Du es m\u00f6chtest mit warmen Wasser abwaschen oder Dich damit in die warme Badewanne begeben. <strong>ACHTUNG<\/strong> Verwende bei Deinem Bad nur klares warmes Wasser!<\/li>\n<\/ul>\n\n\n\n<ul class=\"wp-block-list\">\n<li>Ab dem 3. Tag solltest Du beginnen Dein Tattoo mit einer Wund- und Heilsalbe d\u00fcnn einzucremen. Das ganze wiederholst Du<strong> 2-3 mal t\u00e4glich<\/strong> und achte dabei auf das d\u00fcnne auftragen der Creme.<\/li>\n<\/ul>\n\n\n\n<ul class=\"wp-block-list\">\n<li>F\u00fcr die n\u00e4chsten <strong>4 Wochen<\/strong> ist der direkte Kontakt mit Sonne und Chlorb\u00e4dern tabu. Die Sauna kannst Du nach ungef\u00e4hr 14 Tagen wieder besuchen.<\/li>\n<\/ul>\n\n\n\n<ul class=\"wp-block-list\">\n<li>Solltest Du Haustiere besitzen, achte darauf dass sich keine Tierhaare auf dem Tattoo befinden. Daher immer daran denken die Haare mit warmen Wasser vom Tattoo zu l\u00f6sen und damit zu entfernen.<\/li>\n<\/ul>\n\n\n\n<ul class=\"wp-block-list\">\n<li>Sportliche Aktivit\u00e4ten besprichst Du bitte mit mir individuell. <\/li>\n<\/ul>\n\n\n\n<p><strong>Heilungsverlauf<\/strong><\/p>\n\n\n\n<p>Nach ein paar Tagen bildet sich manchmal ein feiner Grind. Diesen Grind l\u00e4sst Du bitte in Ruhe und kratzt Ihn <strong>NICHT<\/strong> ab. Er wird in ein paar Tagen\/Wochen von ganz alleine abfallen. <\/p>\n\n\n\n<p>Und nun das Wichtigste: Halte Dich an die hier aufgef\u00fchrten Pflegehinweise und h\u00f6re nicht auf andere. Denn bedenke das abgeheilte Endergebnis steht und f\u00e4llt mit der richtigen Pflege. Sollten Fragen aufkommen oder Du Dir unsicher sein ruf mich jederzeit an oder komm vorbei.<\/p>\n","protected":false},"excerpt":{"rendered":"<p>Pflegehinweise Heilungsverlauf Nach ein paar Tagen bildet sich manchmal ein feiner Grind. Diesen Grind l\u00e4sst Du bitte in Ruhe und kratzt Ihn NICHT ab. Er wird in ein paar Tagen\/Wochen von ganz alleine abfallen. Und nun das Wichtigste: Halte Dich an die hier aufgef\u00fchrten Pflegehinweise und h\u00f6re nicht auf andere. Denn bedenke das abgeheilte Endergebnis [&hellip;]<\/p>\n","protected":false},"author":2,"featured_media":0,"parent":0,"menu_order":0,"comment_status":"closed","ping_status":"closed","template":"","meta":{"ocean_post_layout":"","ocean_both_sidebars_style":"","ocean_both_sidebars_content_width":0,"ocean_both_sidebars_sidebars_width":0,"ocean_sidebar":"","ocean_second_sidebar":"","ocean_disable_margins":"enable","ocean_add_body_class":"","ocean_shortcode_before_top_bar":"","ocean_shortcode_after_top_bar":"","ocean_shortcode_before_header":"","ocean_shortcode_after_header":"","ocean_has_shortcode":"","ocean_shortcode_after_title":"","ocean_shortcode_before_footer_widgets":"","ocean_shortcode_after_footer_widgets":"","ocean_shortcode_before_footer_bottom":"","ocean_shortcode_after_footer_bottom":"","ocean_display_top_bar":"default","ocean_display_header":"default","ocean_header_style":"","ocean_center_header_left_menu":"","ocean_custom_header_template":"","ocean_custom_logo":0,"ocean_custom_retina_logo":0,"ocean_custom_logo_max_width":0,"ocean_custom_logo_tablet_max_width":0,"ocean_custom_logo_mobile_max_width":0,"ocean_custom_logo_max_height":0,"ocean_custom_logo_tablet_max_height":0,"ocean_custom_logo_mobile_max_height":0,"ocean_header_custom_menu":"","ocean_menu_typo_font_family":"","ocean_menu_typo_font_subset":"","ocean_menu_typo_font_size":0,"ocean_menu_typo_font_size_tablet":0,"ocean_menu_typo_font_size_mobile":0,"ocean_menu_typo_font_size_unit":"px","ocean_menu_typo_font_weight":"","ocean_menu_typo_font_weight_tablet":"","ocean_menu_typo_font_weight_mobile":"","ocean_menu_typo_transform":"","ocean_menu_typo_transform_tablet":"","ocean_menu_typo_transform_mobile":"","ocean_menu_typo_line_height":0,"ocean_menu_typo_line_height_tablet":0,"ocean_menu_typo_line_height_mobile":0,"ocean_menu_typo_line_height_unit":"","ocean_menu_typo_spacing":0,"ocean_menu_typo_spacing_tablet":0,"ocean_menu_typo_spacing_mobile":0,"ocean_menu_typo_spacing_unit":"","ocean_menu_link_color":"","ocean_menu_link_color_hover":"","ocean_menu_link_color_active":"","ocean_menu_link_background":"","ocean_menu_link_hover_background":"","ocean_menu_link_active_background":"","ocean_menu_social_links_bg":"","ocean_menu_social_hover_links_bg":"","ocean_menu_social_links_color":"","ocean_menu_social_hover_links_color":"","ocean_disable_title":"on","ocean_disable_heading":"default","ocean_post_title":"","ocean_post_subheading":"","ocean_post_title_style":"","ocean_post_title_background_color":"","ocean_post_title_background":0,"ocean_post_title_bg_image_position":"","ocean_post_title_bg_image_attachment":"","ocean_post_title_bg_image_repeat":"","ocean_post_title_bg_image_size":"","ocean_post_title_height":0,"ocean_post_title_bg_overlay":0.5,"ocean_post_title_bg_overlay_color":"","ocean_disable_breadcrumbs":"default","ocean_breadcrumbs_color":"","ocean_breadcrumbs_separator_color":"","ocean_breadcrumbs_links_color":"","ocean_breadcrumbs_links_hover_color":"","ocean_display_footer_widgets":"default","ocean_display_footer_bottom":"default","ocean_custom_footer_template":"","footnotes":""},"class_list":["post-315","page","type-page","status-publish","hentry","entry"],"_links":{"self":[{"href":"https:\/\/crazydogtattoo.com\/index.php\/wp-json\/wp\/v2\/pages\/315","targetHints":{"allow":["GET"]}}],"collection":[{"href":"https:\/\/crazydogtattoo.com\/index.php\/wp-json\/wp\/v2\/pages"}],"about":[{"href":"https:\/\/crazydogtattoo.com\/index.php\/wp-json\/wp\/v2\/types\/page"}],"author":[{"embeddable":true,"href":"https:\/\/crazydogtattoo.com\/index.php\/wp-json\/wp\/v2\/users\/2"}],"replies":[{"embeddable":true,"href":"https:\/\/crazydogtattoo.com\/index.php\/wp-json\/wp\/v2\/comments?post=315"}],"version-history":[{"count":18,"href":"https:\/\/crazydogtattoo.com\/index.php\/wp-json\/wp\/v2\/pages\/315\/revisions"}],"predecessor-version":[{"id":451,"href":"https:\/\/crazydogtattoo.com\/index.php\/wp-json\/wp\/v2\/pages\/315\/revisions\/451"}],"wp:attachment":[{"href":"https:\/\/crazydogtattoo.com\/index.php\/wp-json\/wp\/v2\/media?parent=315"}],"curies":[{"name":"wp","href":"https:\/\/api.w.org\/{rel}","templated":true}]}}